
True
Is 128775397 a composite number?
False
Is 24434633 a composite number?
True
Is 7802429 composite?
True
Is 76031234 a composite number?
True
Is 149239 prime?
True
Is 14678453 a composite number?
False
Is 1332391 prime?
False
Is 5480897 a composite number?
False
Is 257542381 a prime number?
False
Is 5241277 composite?
False
Is 28964281 composite?
False
Is 261721 a composite number?
False
Is 24076427 composite?
False
Is 39482923 a prime number?
True
Is 555418447 a composite number?
False
Is 125068607 a prime number?
True
Is 74855261 composite?
True
Is 3610406 a composite number?
True
Is 63241 prime?
True
Is 2885173 prime?
True
Is 719746979 a prime number?
False
Is 41273 composite?
True
Is 7438801 a prime number?
True
Is 22904159 a composite number?
True
Is 7894906 a prime number?
False
Is 150214507 composite?
False
Is 145349 a composite number?
False
Is 8141849 prime?
True
Is 925181 a prime number?
True
Is 334407473 composite?
False
Is 22840463 a composite number?
True
Is 8611117 a composite number?
False
Is 8497943 prime?
False
Is 17308279 prime?
True
Is 166485421 prime?
False
Is 2626121 composite?
False
Is 13504405 prime?
False
Is 1550878235 composite?
True
Is 265824257 a prime number?
False
Is 43159 composite?
False
Is 84898613 a prime number?
False
Is 285589 prime?
False
Is 16695439 a prime number?
False
Is 6484958 prime?
False
Is 467537 prime?
False
Is 783829 a prime number?
True
Is 597209 prime?
True
Is 312947 composite?
True
Is 40597499 a composite number?
False
Is 739693 a prime number?
True
Is 4755919 a prime number?
False
Is 12448067 composite?
False
Is 33262967 composite?
False
Is 16414669 prime?
True
Is 1813139 composite?
False
Is 117870337 composite?
True
Is 152345967 a composite number?
True
Is 36749183 prime?
True
Is 7784593 composite?
False
Is 657754739 a composite number?
False
Is 373291 a prime number?
True
Is 69522473 prime?
False
Is 7281691 a composite number?
True
Is 8930167 a prime number?
False
Is 26227867 composite?
False
Is 118456427 a prime number?
False
Is 452629 a prime number?
True
Is 19165103 a composite number?
True
Is 11876117 a composite number?
True
Is 2861843 prime?
False
Is 229367 prime?
False
Is 3286739 prime?
True
Is 1041041 a composite number?
False
Is 10518231 a prime number?
False
Is 1544945 prime?
False
Is 2212309 a composite number?
True
Is 3355945 composite?
True
Is 55498 composite?
True
Is 336977 a prime number?
True
Is 5487089 composite?
True
Is 5496421 a prime number?
False
Is 2638819 composite?
True
Is 14532062 a prime number?
False
Is 6163681 a composite number?
True
Is 126553411 a composite number?
True
Is 7069087 prime?
False
Is 211459397 a composite number?
False
Is 1689995 a composite number?
True
Is 166393 composite?
False
Is 771713 prime?
False
Is 271253321 prime?
True
Is 32940139 a composite number?
False
Is 5839751 prime?
True
Is 49107 composite?
True
Is 21351347 a composite number?
False
Is 92893503 prime?
False
Is 19744873 a composite number?
False
Is 4298941 composite?
False
Is 6014695 prime?
False
Is 43878655 composite?
True
Is 136270687 composite?
True
Is 6471561 prime?
False
Is 16761473 composite?
True
Is 76513 composite?
True
Is 803431241 a prime number?
False
Is 72699199 prime?
False
Is 693321 composite?
True
Is 22651334 prime?
False
Is 8110369 a prime number?
False
Is 8831881 a prime number?
True
Is 10027085 composite?
True
Is 8488609 composite?
False
Is 14869217 a prime number?
False
Is 196761973 a prime number?
True
Is 5539873 a prime number?
True
Is 276795677 prime?
True
Is 19292249 a prime number?
True
Is 32806149 composite?
True
Is 472566959 composite?
True
Is 5737729 composite?
False
Is 82949257 composite?
False
Is 286215359 composite?
False
Is 1593023 composite?
True
Is 228459887 prime?
True
Is 2823559 composite?
False
Is 4131961 a prime number?
True
Is 20465597 a composite number?
True
Is 450952721 prime?
True
Is 102461 a composite number?
False
Is 96207307 prime?
False
Is 69906895 a prime number?
False
Is 1926341 a composite number?
False
Is 573077 a prime number?
False
Is 120493 prime?
False
Is 29225129 a composite number?
True
Is 8514589 prime?
False
Is 13139129 a prime number?
True
Is 58426427 prime?
True
Is 7593466 a composite number?
True
Is 1473981 prime?
False
Is 349945831 composite?
False
Is 32582477 composite?
True
Is 2814193 a prime number?
False
Is 6210629 a composite number?
True
Is 6093227 a composite number?
True
Is 5428721 a prime number?
True
Is 508052171 a composite number?
True
Is 24296071 composite?
False
Is 108883237 a prime number?
True
Is 4359529 composite?
True
Is 16318451 prime?
False
Is 22891459 composite?
False
Is 34663 prime?
False
Is 68511403 a composite number?
False
Is 216329 a prime number?
True
Is 98662853 a prime number?
True
Is 24365093 composite?
False
Is 49101019 composite?
True
Is 7933531 a composite number?
False
Is 2428889 a composite number?
False
Is 4442953 a composite number?
False
Is 4821529 a composite number?
False
Is 325368301 a prime number?
True
Is 931403 a composite number?
True
Is 3166541 composite?
True
Is 14593835 prime?
False
Is 4505587 a composite number?
True
Is 1975991 a prime number?
True
Is 251424829 prime?
True
Is 2301818 prime?
False
Is 115445747 a composite number?
True
Is 10074059 composite?
False
Is 16064911 prime?
False
Is 3168967 prime?
False
Is 201543 a composite number?
True
Is 9149521 a prime number?
False
Is 5610931 prime?
False
Is 1883857 a prime number?
True
Is 546883 prime?
False
Is 265261333 a composite number?
False
Is 77737195 a prime number?
False
Is 23736443 a prime number?
True
Is 2048731 composite?
True
Is 71399 prime?
True
Is 338555845 a prime number?
False
Is 34123163 a prime number?
True
Is 7638385 composite?
True
Is 135986881 prime?
True
Is 343105721 prime?
False
Is 193989773 a composite number?
False
Is 564007 prime?
False
Is 2829913 a composite number?
False
Is 18934211 a composite number?
True
Is 475037 a prime number?
True
Is 748841437 a prime number?
True
Is 694867 composite?
False
Is 33605197 composite?
False
Is 74028299 prime?
True
Is 189873379 a composite number?
False
Is 284943641 composite?
False
Is 1759909 a prime number?
True
Is 2521403 composite?
True
Is 398785 a composite number?
True
Is 30706037 a composite number?
False
Is 10893507 a composite number?
True
Is 187612573 a prime number?
False
Is 16733089 prime?
True
Is 2896877 prime?
True
Is 2641679 prime?
False
Is 119783 prime?
True
Is 199636651 a composite number?
True
Is 470497 prime?
False
Is 37412867 a prime number?
False
Is 2766487 a composite number?
False
Is 5651707 a composite number?
False
Is 8643619 prime?
True
Is 40983935 a prime number?
False
Is 218586779 a prime number?
False
Is 1556887 composite?
True
Is 555853 a prime number?
True
Is 377623021 a composite number?
False
Is 144883 prime?
True
Is 1486321 a prime number?
True
Is 5704981 a composite number?
True
Is 5419291 composite?
False
Is 1643833 prime?
False
Is 2854685 a composite number?
True
Is 78853 a prime number?
True
Is 2636363 a prime number?
False
Is 86399 composite?
False
Is 2471899 a composite number?
False
Is 101720219 prime?
True
Is 104640967 a prime number?
False
Is 13695911 prime?
True
Is 13435637 a composite number?
False
Is 8262223 composite?
True
Is 12035921 a prime number?
True
Is 99193907 prime?
True
Is 21271187 a composite number?
True
Is 3933661 a prime number?
False
Is 1272743 prime?
False
Is 195682433 prime?
False
Is 2181739 a prime number?
False
Is 47736047 a prime number?
True
Is 1879181 a prime number?
False
Is 21199831 a composite number?
False
Is 8697089 a prime number?
True
Is 714881 a composite number?
False
Is 259840337 a composite number?
True
Is 3978797 prime?
False
Is 363986203 a composite number?
True
Is 57117077 a prime number?
False
Is 4487017 prime?
False
Is 121210757 a prime number?
False
Is 906631 a composite number?
True
Is 5955467 prime?
False
Is 229631455 a composite number?
True
Is 1007714 prime?
False
Is 85740695 a prime number?
False
Is 5358797 prime?
True
Is 25710011 prime?
True
Is 8520139 a composite number?
False
Is 1782974 composite?
True
Is 26472454 a composite number?
True
Is 8223629 a composite number?
True
Is 22184717 composite?
False
Is 7768459 composite?
False
Is 50300897 prime?
False
Is 82421455